(x) - 6*s(x). Give p(t).
-1
Suppose -a = w - 1, -2*a = 2*a + 5*w. Let o(d) = 4 - 3 + 3 - 4*d. Let q(j) = 7*j - 9. Let c(y) = a*o(y) + 3*q(y). Give c(5).
-2
Let k(w) = 11*w - 3 + 3 - 4*w - 2. Let n(r) = -r**2 - 18*r + 17. Let i be n(-19). Calculate k(i).
-16
Let t(a) = a + 4. Suppose -d + 4*d + 21 = 3*i, -3*d - 22 = -2*i. Determine t(d).
-4
Let h = 4 - -1. Let p(q) be the third derivative of -q**7/840 + q**6/72 - q**4/4 - q**3/6 - q**2. Let w(i) be the first derivative of p(i). Give w(h).
-6
Let a(b) = 4 + 6*b**2 - 110*b + 48*b + 54*b + b**3. Determine a(-7).
11
Let m(y) = y**3 - 2*y**2 + 2*y + 3. Let c(z) = -3*z**3 - z**2 - 2*z - 1. Let b be c(-1). Calculate m(b).
18
Let o(k) = 5*k**3 - 3*k**2 + 17*k + 5. Let a(b) = 3*b**3 - 2*b**2 + 11*b + 3. Let n(j) = 8*a(j) - 5*o(j). What is n(2)?
-7
Let i = 6 + -9. Let c be ((-5)/(-2))/(5/(-10)). Let g be 11/i + c/15. Let l(n) = n**2 + 4*n - 5. Determine l(g).
-5
Suppose -2 = 2*a - 6. Let j(k) = 2*k - 3*k - k**a + 8*k**2. Calculate j(-1).
8
Let t(k) = -k**2 + 6*k + 4. Suppose -z + 27 = 4*q, -2*q + 7*q - 18 = z. Give t(z).
-3
Let o(k) = -k**2 - 17. Suppose 0 = 2*w + j, 0 = w - 2*j + 3*j. Determine o(w).
-17
Let o = 10 + -19. Let l be (-6)/27 - (-43)/o. Let b(g) be the third derivative of g**4/24 + g**3/2 - 4*g**2. Give b(l).
-2
Let d(t) = -2*t**3 + t**2 + t - 5. Let l(j) = j**3 - j**2 + 2. Let c(b) = -2*d(b) - 5*l(b). Let i = 9 + -6. Calculate c(i).
-6
Let b(u) = -u**2 + 7*u - 7. Let m = -7 + 12. Let x be b(m). Let j(n) = n**3 - 3*n - n**3 + 4*n**x + 3*n**2 + 3 - 5*n**3. Determine j(3).
-6
Let x(w) = w**3 - w**2 - 4*w - 3. Let f(r) = -r**2 + 1. Let v(s) = 3*f(s) + x(s). Let j be (-1 - 3)*-5*1. Suppose -4*d - d = -j, 0 = 4*u + 5*d - 40. Give v(u).
5
Suppose -2*b = 3*b - 10. Let k(n) = n**3 + 4*n**2 + n - 1. Let t(r) = 3*r**3 + 13*r**2 + 4*r - 4. Let f(m) = b*t(m) - 7*k(m). Calculate f(-3).
5
Let k(h) = h**3 + 7*h**2 - 8*h - 4. Let m(f) = -f**2 + f + 1. Let d(y) = -k(y) - 5*m(y). What is d(-3)?
-1
Let z(d) = -d**2 + 3 - 3 + 8 + 7. Determine z(0).
15
Let l(j) be the first derivative of -3*j**4/4 - j**3 - j**2 - 1. What is l(-2)?
16
Let w(c) be the second derivative of 5/6*c**3 + c + 0 + 1/12*c**4 + 3*c**2. Let u = -2 + -3. Determine w(u).
6
Let o(a) = -a**2 + 8*a + 1. Let i(x) = x**2 - 8*x - 4. Let v(j) = 2*i(j) + 3*o(j). Let z be 2*(0 - 5/(-2)). Determine v(z).
10
Let n(v) = 0 + 1 + 4*v + 3*v - 2*v. Let b be 1/((-1)/(-3) + 0). Suppose 5*d + 2*h - 9 = 2, h - b = 0. Determine n(d).
6
Let m(z) = -z**3 + 3*z**2 + z - 1. Let g = -37 - -63. Suppose 0 = -5*x - 6 + g. Give m(x).
-13
Let g = 40 - 56. Let b = g + 15. Let z(m) = -6*m**3 - m**2 - m - 1. Determine z(b).
5
Let i(c) = c**2 - 3*c - 3. Suppose 1 = 2*f - 13. Suppose 3*q = f*q + 20, -q = 5*k + 15. Give i(k).
7
Let j(t) = -5*t - 3. Let q(r) = -11*r - 7. Let m(h) = -5*j(h) + 2*q(h). Calculate m(-3).
-8
Let g(m) be the third derivative of m**9/30240 - m**5/10 - 3*m**2. Let i(o) be the third derivative of g(o). Determine i(1).
2
Suppose 0 = 4*r + 2*j - 16, 5*r - 3*j + 1 + 1 = 0. Let p(k) = -1 - 10*k + 8*k + 2*k**2 + 1 + 1. Give p(r).
5
Let h(w) = -w**3 + 5*w**2 + 1. Let y be h(5). Let g(o) = 2*o - 3*o**2 + 3*o**3 - 1 + 4*o**3 - 6*o**3 + 0. What is g(y)?
-1
Let k(i) = -i**2 - 1. Let s be k(2). Let w(l) = -5*l. Let f(x) = -4*x. Let v be (2 - 0)*3/(-2). Let y(o) = v*w(o) + 4*f(o). What is y(s)?
5
Let w(m) be the second derivative of m**4/12 + m**3/6 - m**2/2 - m. Let u(n) = n**3 - 8*n**2 + 9*n - 12. Let g be u(7). What is w(g)?
5
Suppose 2*g = 0, -3*r + 2*g = 6*g - 33. Let l = 15 - r. Let z(u) = -u**3 + 3*u**2 + 4*u + 5. Calculate z(l).
5
Let k = 1 - -1. Let g(f) = -4*f + 3*f - k - 6. Suppose -4*p - 3 = 3*l + 4, -2*p - 11 = 3*l. Give g(l).
-3
Let z(t) = 3*t**2 + 12*t + 8. Let y(b) = 6*b - 12 - 5*b**2 + 0*b**2 - 24*b. Let n(g) = 5*y(g) + 8*z(g). Determine n(5).
9
Let x(l) = l + 7. Suppose 0 = 5*i - i - 20. Let q(t) = t + 8. Let v(h) = i*x(h) - 4*q(h). Give v(4).
7
Let f(p) = -p**2 + 3*p + 2. Suppose -2*b + 0*b + 8 = 0, -3*c - 25 = -4*b. What is f(c)?
-16
Let j(h) = 2*h**2 + 2*h + 2. Let w(v) = -5*v + 1. Let r(i) = -9*i + 1. Let o(p) = -4*r(p) + 7*w(p). Let u be 2*(1 - (-7)/(-2)). Let x be o(u). Determine j(x).
6
Suppose 4*x - 16 = 0, s - 2*x = 3*s + 2. Let g(y) = y + 7. Calculate g(s).
2
Let j(o) = -2*o**3 + o**3 - 2*o**2 + 5*o + 0*o**2. Suppose 3*z + 4*a - 9 = 2*z, -3*z - 28 = a. Let v be z/3 - 3/9. Calculate j(v).
12
Let i(v) = v + 2*v**3 - v**3 + 2 - 2*v**2 + 4 - 3. What is i(3)?
15
Let a(d) = -4. Let m(i) = 9. Let u(l) = 7*a(l) + 3*m(l). Let g(q) = -q + 12. Let n(z) = -g(z) - 6*u(z). Calculate n(0).
-6
Let i(q) = -4*q. Let f be (6/(-21))/(1/(-7)). Let k be 0 + (f - -4) + -4. Give i(k).
-8
Suppose 3 = 3*b - 3. Let i(u) = 0*u**2 - 3*u - b + 2*u**2 - 3*u**2. Determine i(-3).
-2
Let a(w) be the first derivative of -w**3/3 - 3*w**2 - 7*w + 1. Suppose 5*n + 6 = 4*n. What is a(n)?
-7
Suppose -5*m = 15, 0*w + 3*m = -2*w - 5. Let k(q) = 3 + 3*q**w - q - q**3 - 1 - 1. Suppose 2*o - 3*y = 0, y = -2*o - 4*y + 16. Calculate k(o).
-2
Let q(y) = 5*y**3 + 4*y**2 - y - 6. Suppose 0*r - 25 = -5*r. Let h = 2 - r. Let n(l) = 2*l**3 + 2*l**2 - 3. Let v(k) = h*q(k) + 7*n(k). Determine v(3).
-3
Let w = -35 + 39. Let q(g) = -g**2 + 5*g + 1. Determine q(w).
5
Let h(x) = -2*x**3 - 3*x**2 - 3*x - 1. Let b = 60 - 62. Determine h(b).
9
Let u(l) = -l**2 + 5*l - 4. Suppose 8 - 5 = c. Give u(c).
2
Let o = -20 + 17. Let j(f) = 2*f**2 - 6*f + 3. Let m(l) = -5*l**2 + 17*l - 10. Let q(y) = o*m(y) - 8*j(y). Determine q(-5).
-4
Suppose 25 = 3*t + 2*t. Suppose -i + 3*i = -2*u - 4, 25 = -t*u - 2*i. Let d be (1 - 1) + (-5 - u). Let f(m) = m**3 - 2*m**2 + 4*m - 2. Give f(d).
6
Let h(a) = -9*a**3 - 14*a**3 + 8 + 0 + 24*a**3 + 6*a**2. Give h(-6).
8
Suppose 3*y + y = 36. Let v = 19 + -12. Let h be (-2)/(-1) + (v - y). Let f(g) = -g - 3. What is f(h)?
-3
Let u(d) = -7*d**2 - 7*d + 3. Let n be (-4)/(-6) + 14/(-3). Let f(c) = 3*c**2 + 83*c - 2 - 36*c - 43*c. Let m(i) = n*u(i) - 9*f(i). Give m(6).
-6
Let x(s) = -4*s - 16. Let d(m) = 5 - m + m + m. Let t(r) = 7*d(r) + 2*x(r). Give t(3).
0
Suppose -4*n + 4*k = 8, 0 = -2*n - 5*k + 1 + 2. Let s(d) = d + 1. Let f(j) = 2*j + 9. Let h = 9 + -6. Let p(a) = h*s(a) + n*f(a). Calculate p(5).
-1
Let r = -25 + 20. Let w(p) = p - 7. Determine w(r).
-12
Let j(s) = -s**2 + 10*s - 8. Let h(m) = -m + 1. Let n(a) = 5*h(a) + j(a). Calculate n(4).
1
Let z(t) = -17*t + 25*t + t**2 + 0 + 0*t**2 + 7. What is z(-6)?
-5
Suppose 0 = -n + 4 + 2. Let z(g) = 2*g - 6. What is z(n)?
6
Let k(r) = -r**3 - 4*r**2 + 5*r - 5. Suppose 4*q + 0*q = -4*f - 24, 0 = -2*q + 2*f - 8. Give k(q).
-5
Let z = 266/3 - 88. Let r(g) be the third derivative of 1/24*g**4 + 0*g + 0 - z*g**3 + 2*g**2. What is r(-3)?
-7
Let i(w) be the first derivative of 2*w**4 - 5. Suppose 0 = -3*h + 2 + 1. Give i(h).
8
Let i(t) = -t**2 - 7*t + 21. Let b be i(-9). Let a(k) = -k + 2. Calculate a(b).
-1
Let w be 2*(-3)/(-4 + 1). Let q(c) = -4*c - 2*c**2 + 4*c**2 - c**2 + 1 - w*c**2. Determine q(-5).
-4
Let f(c) = -5*c**2 - 12*c - 4. Let p(s) = 27*s**2 + 61*s + 21. Let z(w) = 11*f(w) + 2*p(w). Determine z(-5).
23
Let s(m) = -3*m + 30. Let o(v) = 4*v - 30. Let i(j) = -2*o(j) - 3*s(j). Determine i(0).
-30
Let u(p) = p. Let c(a) be the second derivative of a**3/6 + 7*a**2/2 + 3*a. Let s be c(-6). Give u(s).
1
Let c be (-3 + 6)*(-4)/(-3). Let m(a) = 2 - 7*a - c + a**2 + 11*a + 6. Determine m(-3).
1
Let j(i) be the second derivative of -i**3/6 - 3*i**2 - 2*i. Calculate j(0).
-6
Let b = 2 - -1. Let g(r) = 3*r**3 - 4*r**2 + 12*r - 20. Let l(m) = -2*m**3 + 3*m**2 - 8*m + 13. Let f(t) = 5*g(t) + 8*l(t). Give f(b).
1
Let s be (0/(-12))/(1/1 - 0). Let l(j) be the second derivative of j**3/6 + j**2/2 - j. What is l(s)?
1
Let b(r) = 2*r**2 - 6*r. Suppose 0*k + 3*k - 3 = -3*l, 4*l + 5 = -k. Suppose -k*n = -0*n - 18. Let s be 4 + 0*(-2)/n. Calculate b(s).
8
Let h = 34 - 33. Let r(f) = -3*f**2 + 1 - 2*f + 12*f**2 - 2*f**2. Determine r(h).
6
Let l(a) = -a**3 + 2*a**2 + 4*a. Let k be l(3). Let j(u) = -u + 1. Let i(z) = -7*z + 8. Let s(w) = i(w) - 4*j(w). Give s(k).
-5
Suppose 0 = q + 4*q + 20. Let y(a) = -3*a - 11. Let c(v) = -2*v - 10. Let l(i) = q*c(i) + 3*y(i). Suppose 0 = -4*k - 2*k. Give l(k).
7
Let u(m) = m**2 - m. Let n(i) = i**3 - i**2 + 8*